{"id":4732,"date":"2024-03-26T08:53:16","date_gmt":"2024-03-26T07:53:16","guid":{"rendered":"https:\/\/www.vavpigan.se\/?post_type=product&#038;p=4732"},"modified":"2026-01-11T13:38:15","modified_gmt":"2026-01-11T12:38:15","slug":"disktrasa-2","status":"publish","type":"product","link":"https:\/\/www.vavpigan.se\/index.php\/produkt\/disktrasa-2\/","title":{"rendered":"Disktrasa"},"content":{"rendered":"<p>Disktrasan blir bara b\u00e4ttre och b\u00e4ttre ju mer du anv\u00e4nder och tv\u00e4ttar den.<\/p>\n","protected":false},"excerpt":{"rendered":"<p>Disktrasan blir bara b\u00e4ttre och b\u00e4ttre ju mer du anv\u00e4nder och tv\u00e4ttar den.<\/p>\n","protected":false},"featured_media":4651,"comment_status":"closed","ping_status":"closed","template":"","meta":{"ngg_post_thumbnail":0},"product_brand":[],"product_cat":[84],"product_tag":[],"class_list":{"0":"post-4732","1":"product","2":"type-product","3":"status-publish","4":"has-post-thumbnail","6":"product_cat-kok-och-badrum","8":"first","9":"instock","10":"taxable","11":"shipping-taxable","12":"purchasable","13":"product-type-variable","14":"customify-col"},"_links":{"self":[{"href":"https:\/\/www.vavpigan.se\/index.php\/wp-json\/wp\/v2\/product\/4732","targetHints":{"allow":["GET"]}}],"collection":[{"href":"https:\/\/www.vavpigan.se\/index.php\/wp-json\/wp\/v2\/product"}],"about":[{"href":"https:\/\/www.vavpigan.se\/index.php\/wp-json\/wp\/v2\/types\/product"}],"replies":[{"embeddable":true,"href":"https:\/\/www.vavpigan.se\/index.php\/wp-json\/wp\/v2\/comments?post=4732"}],"wp:featuredmedia":[{"embeddable":true,"href":"https:\/\/www.vavpigan.se\/index.php\/wp-json\/wp\/v2\/media\/4651"}],"wp:attachment":[{"href":"https:\/\/www.vavpigan.se\/index.php\/wp-json\/wp\/v2\/media?parent=4732"}],"wp:term":[{"taxonomy":"product_brand","embeddable":true,"href":"https:\/\/www.vavpigan.se\/index.php\/wp-json\/wp\/v2\/product_brand?post=4732"},{"taxonomy":"product_cat","embeddable":true,"href":"https:\/\/www.vavpigan.se\/index.php\/wp-json\/wp\/v2\/product_cat?post=4732"},{"taxonomy":"product_tag","embeddable":true,"href":"https:\/\/www.vavpigan.se\/index.php\/wp-json\/wp\/v2\/product_tag?post=4732"}],"curies":[{"name":"wp","href":"https:\/\/api.w.org\/{rel}","templated":true}]}}